ber?
False
Is 72307 a composite number?
False
Is 7377 a prime number?
False
Is 27361 a prime number?
True
Is 159173 prime?
False
Is 40405 composite?
True
Is 677 a prime number?
True
Is 49721 prime?
False
Is 4957 prime?
True
Is 30553 prime?
True
Is 24965 a prime number?
False
Is 2198062 prime?
False
Is 1633 a composite number?
True
Is 1210259 prime?
True
Is 55801 a prime number?
False
Is 26627 a composite number?
False
Is 330097 a prime number?
True
Is 984817 a composite number?
False
Is 88045 a composite number?
True
Is 36589 prime?
False
Is 16729 a prime number?
True
Is 2822633 prime?
False
Is 180647 a prime number?
True
Is 6139 a composite number?
True
Is 1778113 prime?
False
Is 47207 prime?
True
Is 15278 a prime number?
False
Is 36293 prime?
True
Is 7193 composite?
False
Is 2615 composite?
True
Is 170039 composite?
True
Is 8039 composite?
False
Is 18787 prime?
True
Is 1710593 composite?
False
Is 83023 a prime number?
True
Is 23969 a composite number?
True
Is 86937 composite?
True
Is 284623 a prime number?
True
Is 30223 prime?
True
Is 3353 composite?
True
Is 136471 composite?
False
Is 419127 composite?
True
Is 138055 composite?
True
Is 43331 a prime number?
True
Is 666943 composite?
True
Is 1861634 prime?
False
Is 2002199 prime?
True
Is 55529 a prime number?
True
Is 189691 a composite number?
False
Is 13291 prime?
True
Is 163301 a composite number?
True
Is 28265 composite?
True
Is 1927687 composite?
False
Is 254257 a composite number?
False
Is 18442 prime?
False
Is 30505 prime?
False
Is 50497 a prime number?
True
Is 62081 composite?
False
Is 3863 composite?
False
Is 410149 a composite number?
False
Is 12053 composite?
True
Is 1177571 a composite number?
False
Is 56473 a prime number?
True
Is 1709 a composite number?
False
Is 8683 prime?
False
Is 11917 composite?
True
Is 3691 a prime number?
True
Is 2083451 composite?
False
Is 52667 prime?
True
Is 535849 a composite number?
False
Is 474707 a composite number?
False
Is 1076359 a prime number?
True
Is 444617 prime?
False
Is 2521 a composite number?
False
Is 25257 a composite number?
True
Is 26489 a prime number?
True
Is 11617 a composite number?
False
Is 18479 a composite number?
True
Is 5273 composite?
False
Is 12185 composite?
True
Is 485221 a prime number?
False
Is 67243 a prime number?
False
Is 85597 prime?
True
Is 492511 composite?
False
Is 9599 a composite number?
True
Is 667259 composite?
True
Is 182233 composite?
False
Is 9371 composite?
False
Is 9287 a composite number?
True
Is 634115 a prime number?
False
Is 36706 prime?
False
Is 20561 a prime number?
False
Is 411963 a composite number?
True
Is 35567 composite?
True
Is 10123 a prime number?
False
Is 772843 a composite number?
False
Is 271951 prime?
False
Is 34319 a prime number?
True
Is 376021 a prime number?
True
Is 1399 prime?
True
Is 736357 composite?
False
Is 57083 a prime number?
False
Is 50117 a prime number?
False
Is 23117 composite?
False
Is 354817 prime?
False
Is 13157 prime?
False
Is 2017 composite?
False
Is 112687 composite?
False
Is 20051 a composite number?
False
Is 213523 a prime number?
True
Is 340378 composite?
True
Is 2388871 composite?
False
Is 659 prime?
True
Is 665591 composite?
False
Is 42335 a composite number?
True
Is 1428117 a composite number?
True
Is 1597 composite?
False
Is 4201 prime?
True
Is 9901 a prime number?
True
Is 71701 a prime number?
False
Is 81547 a composite number?
False
Is 21137 a prime number?
False
Is 310501 a prime number?
True
Is 6142641 composite?
True
Is 74105 composite?
True
Is 102513 a composite number?
True
Is 208927 composite?
False
Is 1507763 a composite number?
False
Is 742229 prime?
True
Is 1442797 a prime number?
True
Is 31687 prime?
True
Is 12379 prime?
True
Is 105427 composite?
True
Is 18595 a prime number?
False
Is 1326619 a composite number?
True
Is 208019 a composite number?
True
Is 1627685 prime?
False
Is 3646 a prime number?
False
Is 2740483 prime?
True
Is 85879 a composite number?
True
Is 1299917 a composite number?
False
Is 20477 a prime number?
True
Is 256153 composite?
True
Is 48647 a composite number?
False
Is 197203 a composite number?
False
Is 10007 composite?
False
Is 38987 a composite number?
True
Is 235289 composite?
False
Is 46381 prime?
True
Is 221941 a prime number?
True
Is 77209 a composite number?
True
Is 8117 a prime number?
True
Is 135329 composite?
False
Is 349001 a composite number?
True
Is 1213 a composite number?
False
Is 3571 prime?
True
Is 12007 composite?
False
Is 50846 prime?
False
Is 22821 composite?
True
Is 228469 composite?
False
Is 4998057 prime?
False
Is 155567 composite?
True
Is 37043 a prime number?
False
Is 154673 prime?
False
Is 2239787 a composite number?
True
Is 14017 a composite number?
True
Is 222659 a prime number?
True
Is 1949 composite?
False
Is 7627 a composite number?
True
Is 6803 a prime number?
True
Is 2779 prime?
False
Is 38431 prime?
True
Is 803783 a prime number?
False
Is 807809 a composite number?
False
Is 93677 a composite number?
True
Is 652687 a prime number?
False
Is 663239 a composite number?
False
Is 20369 a composite number?
False
Is 348323 a composite number?
False
Is 14621 a composite number?
False
Is 168637 a composite number?
True
Is 115985 composite?
True
Is 3791 a prime number?
False
Is 121061 a prime number?
True
Is 128629 a prime number?
True
Is 886 composite?
True
Is 53147 a prime number?
True
Is 7157 a composite number?
True
Is 38393 prime?
True
Is 2832187 a composite number?
False
Is 230891 a composite number?
False
Is 95246 a prime number?
False
Is 35093 prime?
False
Is 332287 a prime number?
True
Is 799111 a prime number?
False
Is 26153 a composite number?
False
Is 331691 a composite number?
False
Is 13163 composite?
False
Is 11963 a composite number?
True
Is 750809 prime?
True
Is 1522387 a prime number?
True
Is 2018671 a prime number?
True
Is 983077 composite?
True
Is 886343 prime?
False
Is 13021 a prime number?
False
Is 156419 composite?
False
Is 31469 a prime number?
True
Is 24946 composite?
True
Is 66751 prime?
True
Is 37307 composite?
False
Is 16537 prime?
False
Is 11903 a prime number?
True
Is 41279 prime?
False
Is 721783 prime?
True
Is 331 prime?
True
Is 398957 a composite number?
True
Is 6421 a prime number?
True
Is 152123 composite?
False
Is 69953 a prime number?
False
Is 184111 a prime number?
True
Is 16411 a composite number?
False
Is 94991 a prime number?
False
Is 742363 composite?
True
Is 10007 prime?
True
Is 6863 prime?
True
Is 442709 prime?
False
Is 246529 prime?
False
Is 921 a prime number?
False
Is 12373 a prime number?
True
Is 5433 composite?
True
Is 962855 a prime number?
False
Is 17153 composite?
True
Is 1193 a prime number?
True
Is 171007 a prime number?
True
Is 37385 prime?
False
Is 958141 composite?
False
Is 38 prime?
False
Is 129263 prime?
True
Is 51407 a composite number?
False
Is 541 a prime number?
True
Is 34207 prime?
False
Is 52273 composite?
True
Is 14671 a prime number?
False
Is 1993331 a prime number?
False
Is 1151981 a composite number?
False
Is 111949 a prime number?
True
Is 17669 a prime number?
True
Is 40063 a composite number?
False
Is 138737 prime?
False
Is 77639 composite?
True
Is 41719 composite?
False
Is 138607 composite?
True
Is 238079 a composite number?
False
Is 208918 a composite number?
True
Is 8939 composite?
True
Is 4834 prime?
False
Is 495655 prime?
False
Is 2579 a composite number?
False
Is 102397 prime?
True
Is 78623 a composite number?
False
Is 810191 a composite number?
False
Is 15127 a composite number?
True
Is 167451 a prime number?
False
Is 298 a composite number?
True
Is 136987 a composite number?
False
Is 5227 a composite number?
False
Is 237613 a composite number?
True
Is 38039 a composite number?
False
Is 472049 composite?
True
Is 17239 prime?
True
Is 1117 prime?
True
Is 19531 a prime number?
True
Is 469 a composite number?
True
Is 73097 a composite number?
True
Is 272971 composite?
False
Is 55067 prime?
False
Is 541 a prime number?
True
Is 48199 prime?
False
Is 165829 prime?
True
Is 24239 a composite number?
False
Is 3511 composite?
False
Is 3676729 prime?
False
Is 2386169 a composite number?
False
Is 12643 a composite number?
True
Is 16619 a composite number?
False
Is 601747 a prime number?
True
Is 217781 a composite number?
False
Is 437587